{"id":66,"date":"2024-03-17T07:59:16","date_gmt":"2024-03-17T07:59:16","guid":{"rendered":"https:\/\/luyenkim.com.vn\/?page_id=66"},"modified":"2024-05-31T01:07:46","modified_gmt":"2024-05-31T01:07:46","slug":"lien-he","status":"publish","type":"page","link":"https:\/\/luyenkim.com.vn\/index.php\/lien-he\/","title":{"rendered":"Li\u00ean h\u1ec7"},"content":{"rendered":"\n\t<section class=\"section\" id=\"section_452286501\">\n\t\t<div class=\"bg section-bg fill bg-fill  bg-loaded\" >\n\n\t\t\t\n\t\t\t<div class=\"section-bg-overlay absolute fill\"><\/div>\n\t\t\t\n\n\t\t<\/div>\n\n\t\t\n\n\t\t<div class=\"section-content relative\">\n\t\t\t\n\n<div class=\"row row-large align-middle\"  id=\"row-753893870\">\n\n\n\t<div id=\"col-536326941\" class=\"col medium-8 small-12 large-8\"  >\n\t\t\t\t<div class=\"col-inner text-left\"  >\n\t\t\t\n\t\t\t\n\n<h2><span style=\"color: #ff0000;\">Li\u00ean H\u1ec7<\/span><\/h2>\n<p id=\"element_1669547133057\" class=\"element lipsum\" data-mwplaceholder=\"This text is set by default and is suitable for edit in real time. By default the drag and drop core feature will allow you to position it anywhere on the site. Get creative &amp; Make Web.\"><span style=\"font-size: 105%;\">Qu\u00fd kh\u00e1ch c\u00f3 nhu c\u1ea7u t\u01b0 v\u1ea5n v\u00e0 mua b\u00e1n thi\u1ebft b\u1ecb c\u1ee7a ch\u00fang t\u00f4i xin li\u00ean h\u1ec7 :<\/span><\/p>\n<p id=\"element_1669547133070\" class=\"element lipsum\" data-mwplaceholder=\"This text is set by default and is suitable for edit in real time. By default the drag and drop core feature will allow you to position it anywhere on the site. Get creative &amp; Make Web.\"><span style=\"font-size: 105%;\">1.\u00a0<span id=\"mw-selector-1669547274946\">\u0110\u1ecba ch\u1ec9 C\u00f4ng ty:<\/span> kh\u1ed1i B\u1ea1ch \u0110\u1eb1ng, ph\u01b0\u1eddng V\u1ea1n Ph\u00fac, qu\u1eadn H\u00e0 \u0110\u00f4ng, TP H\u00e0 N\u1ed9i.<\/span><\/p>\n<p id=\"element_1669547133095\" class=\"element lipsum\" data-mwplaceholder=\"This text is set by default and is suitable for edit in real time. By default the drag and drop core feature will allow you to position it anywhere on the site. Get creative &amp; Make Web.\"><span style=\"font-size: 105%;\">Li\u00ean h\u1ec7 : <span style=\"color: #ff0000;\">0985581699 &#8211; Mr.L\u1eadp<\/span><\/span><\/p>\n<p data-mwplaceholder=\"This text is set by default and is suitable for edit in real time. By default the drag and drop core feature will allow you to position it anywhere on the site. Get creative &amp; Make Web.\">Email: luyenkim2009@gmail.com<\/p>\n<p id=\"element_1669547133111\" class=\"element lipsum\" data-mwplaceholder=\"This text is set by default and is suitable for edit in real time. By default the drag and drop core feature will allow you to position it anywhere on the site. Get creative &amp; Make Web.\"><span style=\"font-size: 105%;\">2. \u0110\u1ecba ch\u1ec9 x\u01b0\u1edfng : C\u1ee5m c\u00f4ng nghi\u1ec7p Thanh Th\u00f9y, Thanh Th\u00f9y ,Thanh oai ,TP H\u00e0 N\u1ed9i\u00a0\u00a0<\/span><\/p>\n<p id=\"element_1669547133128\" class=\"element lipsum\" data-mwplaceholder=\"This text is set by default and is suitable for edit in real time. By default the drag and drop core feature will allow you to position it anywhere on the site. Get creative &amp; Make Web.\"><span style=\"font-size: 105%;\">Li\u00ean h\u1ec7 b\u1ed9 ph\u1eadn k\u1ef9 thu\u1eadt: <span style=\"color: #ff0000;\">0385801708 &#8211; Mr.H\u1eadu<\/span><\/span><\/p>\n<p id=\"element_1669547133150\" class=\"element lipsum\" data-mwplaceholder=\"This text is set by default and is suitable for edit in real time. By default the drag and drop core feature will allow you to position it anywhere on the site. Get creative &amp; Make Web.\"><span style=\"font-size: 105%;\">C\u00f4ng ty TNHH Luy\u1ec7n Kim xin tr\u00e2n th\u00e0nh c\u1ea3m \u01a1n qu\u00fd kh\u00e1ch!<\/span><\/p>\n\n\t\t<\/div>\n\t\t\t\t\t<\/div>\n\n\t\n\n\t<div id=\"col-639545325\" class=\"col medium-4 small-12 large-4\"  >\n\t\t\t\t<div class=\"col-inner\"  >\n\t\t\t\n\t\t\t\n\n\t<div class=\"img has-hover x md-x lg-x y md-y lg-y\" id=\"image_1005123368\">\n\t\t\t\t\t\t\t\t<div class=\"img-inner dark\" >\n\t\t\t<img loading=\"lazy\" decoding=\"async\" width=\"665\" height=\"565\" src=\"https:\/\/luyenkim.com.vn\/wp-content\/uploads\/2024\/03\/logo.png\" class=\"attachment-large size-large\" alt=\"\" srcset=\"https:\/\/luyenkim.com.vn\/wp-content\/uploads\/2024\/03\/logo.png 665w, https:\/\/luyenkim.com.vn\/wp-content\/uploads\/2024\/03\/logo-300x255.png 300w, https:\/\/luyenkim.com.vn\/wp-content\/uploads\/2024\/03\/logo-600x510.png 600w\" sizes=\"(max-width: 665px) 100vw, 665px\" \/>\t\t\t\t\t\t\n\t\t\t\t\t<\/div>\n\t\t\t\t\t\t\t\t\n<style>\n#image_1005123368 {\n  width: 100%;\n}\n<\/style>\n\t<\/div>\n\t\n\n\n\t\t<\/div>\n\t\t\t\t\t<\/div>\n\n\t\n\n<\/div>\n\n\t\t<\/div>\n\n\t\t\n<style>\n#section_452286501 {\n  padding-top: 60px;\n  padding-bottom: 60px;\n  background-color: rgb(193, 193, 193);\n}\n#section_452286501 .section-bg-overlay {\n  background-color: rgba(191, 220, 171, 0.85);\n}\n<\/style>\n\t<\/section>\n\t\n\n","protected":false},"excerpt":{"rendered":"","protected":false},"author":1,"featured_media":0,"parent":0,"menu_order":0,"comment_status":"closed","ping_status":"closed","template":"","meta":{"om_disable_all_campaigns":false,"_monsterinsights_skip_tracking":false,"_monsterinsights_sitenote_active":false,"_monsterinsights_sitenote_note":"","_monsterinsights_sitenote_category":0,"_uf_show_specific_survey":0,"_uf_disable_surveys":false,"footnotes":""},"aioseo_notices":[],"jetpack_sharing_enabled":true,"_links":{"self":[{"href":"https:\/\/luyenkim.com.vn\/index.php\/wp-json\/wp\/v2\/pages\/66"}],"collection":[{"href":"https:\/\/luyenkim.com.vn\/index.php\/wp-json\/wp\/v2\/pages"}],"about":[{"href":"https:\/\/luyenkim.com.vn\/index.php\/wp-json\/wp\/v2\/types\/page"}],"author":[{"embeddable":true,"href":"https:\/\/luyenkim.com.vn\/index.php\/wp-json\/wp\/v2\/users\/1"}],"replies":[{"embeddable":true,"href":"https:\/\/luyenkim.com.vn\/index.php\/wp-json\/wp\/v2\/comments?post=66"}],"version-history":[{"count":4,"href":"https:\/\/luyenkim.com.vn\/index.php\/wp-json\/wp\/v2\/pages\/66\/revisions"}],"predecessor-version":[{"id":249,"href":"https:\/\/luyenkim.com.vn\/index.php\/wp-json\/wp\/v2\/pages\/66\/revisions\/249"}],"wp:attachment":[{"href":"https:\/\/luyenkim.com.vn\/index.php\/wp-json\/wp\/v2\/media?parent=66"}],"curies":[{"name":"wp","href":"https:\/\/api.w.org\/{rel}","templated":true}]}}