{"id":170,"date":"2024-03-19T16:32:34","date_gmt":"2024-03-19T16:32:34","guid":{"rendered":"https:\/\/luyenkim.com.vn\/?post_type=product&#038;p=170"},"modified":"2026-04-03T02:05:30","modified_gmt":"2026-04-03T02:05:30","slug":"robot-gap-gach-kawasaki","status":"publish","type":"product","link":"https:\/\/luyenkim.com.vn\/index.php\/product\/robot-gap-gach-kawasaki\/","title":{"rendered":"Robot g\u1eafp g\u1ea1ch Kawasaki"},"content":{"rendered":"<blockquote>\n<div class=\"newdetailscontent\">\n<div class=\"xtext\">\n<h1>Robot x\u1ebfp g\u1ea1ch t\u1ef1 \u0111\u1ed9ng h\u00f3a Kawasaki Japan<\/h1>\n<\/div>\n<\/div>\n<\/blockquote>\n<div data-blogger-escaped-style=\"text-align: justify;\">C\u00f4ng ty TNHH Luy\u1ec7n Kim l\u00e0 nh\u00e0 ph\u00e2n ph\u1ed1i tr\u1ef1c ti\u1ebfp robot c\u1ee7a t\u1eadp \u0111o\u00e0n Kawasaki Nh\u1eadt B\u1ea3n t\u1ea1i Vi\u1ec7t Nam.<\/div>\n<h2>\u0110\u1eb7c \u0111i\u1ec3m n\u1ed5i b\u1eadt robot x\u1ebfp g\u1ea1ch Kawasaki Japan<\/h2>\n<div data-blogger-escaped-style=\"text-align: justify;\">\n<ul>\n<li>Ti\u1ebft ki\u1ec7m n\u0103ng l\u01b0\u1ee3ng.<\/li>\n<li>Ph\u1ea1m vi chuy\u1ec3n \u0111\u1ed9ng r\u1ed9ng.<\/li>\n<li>\u0110a d\u1ea1ng m\u1eabu m\u00e3 ph\u00f9 h\u1ee3p v\u1edbi nhi\u1ec1u lo\u1ea1i l\u00f2,c\u00e1c kh\u1ed1i x\u1ebfp kh\u00e1c nhau cho kh\u00e1ch h\u00e0ng l\u1ef1a ch\u1ecdn.<\/li>\n<li>Ch\u1ebf \u0111\u1ed9 h\u1eadu m\u00e3i chu \u0111\u00e1o, b\u1ea3o h\u00e0nh l\u00ean t\u1edbi 12 th\u00e1ng.<\/li>\n<li>T\u1ef1 \u0111\u1ed9ng h\u00f3a linh ho\u1ea1t c\u00e1c quy tr\u00ecnh ph\u00e2n ph\u1ed1i v\u00e0 k\u1ebft th\u00fac,gi\u1ea3m s\u1ed1 l\u01b0\u1ee3ng nh\u00e2n c\u00f4ng trong kh\u00e2u t\u1ea1o h\u00ecnh.<\/li>\n<li>Ho\u1ea1t \u0111\u1ed9ng an to\u00e0n, hi\u1ec7u qu\u1ea3, n\u0103ng su\u1ea5t cao.<\/li>\n<li>B\u1ec1n b\u1ec9, chi ph\u00ed b\u1ea3o tr\u00ec th\u1ea5p.<\/li>\n<\/ul>\n<\/div>\n<h2>Th\u00f4ng s\u1ed1 k\u1ef9 thu\u1eadt robot t\u1ef1 \u0111\u1ed9ng h\u00f3a Kawasaki Japan<\/h2>\n<div data-blogger-escaped-style=\"text-align: justify;\">\n<table style=\"height: 562px;\" width=\"515\" cellspacing=\"0\" cellpadding=\"1\">\n<tbody>\n<tr>\n<td>Th\u00f4ng s\u1ed1<\/td>\n<td>\n<div>ROBOT KAWASAKI<\/div>\n<div>CP500<\/div>\n<\/td>\n<td>\n<div>ROBOT KAWASAKI<\/div>\n<div>CP700<\/div>\n<\/td>\n<\/tr>\n<tr>\n<td>Ki\u1ec3u<\/td>\n<td colspan=\"2\">Lo\u1ea1i kh\u1edbp n\u1ed1i<\/td>\n<\/tr>\n<tr>\n<td>Tr\u1ee5c \u0111i\u1ec1u khi\u1ec3n<\/td>\n<td colspan=\"2\">4 tr\u1ee5c<\/td>\n<\/tr>\n<tr>\n<td>Ph\u1ea1m vi ti\u1ebfp c\u1eadn<\/td>\n<td colspan=\"2\">\n<div>Chi\u1ec1u r\u1ed9ng: 1.800 mm<\/div>\n<div>\u0110\u1ed9 s\u00e2u: 1.600 mm<\/div>\n<div>Chi\u1ec1u cao: 2.200 mm<\/div>\n<\/td>\n<\/tr>\n<tr>\n<td>Ph\u1ea1m vi chuy\u1ec3n \u0111\u1ed9ng tr\u1ee5c xoay JT1<\/td>\n<td>\n<div>\u00b1160\u00b0<\/div>\n<div>85\u00b0\/gi\u00e2y<\/div>\n<\/td>\n<td>\n<div>\u00b1160\u00b0<\/div>\n<div>75\u00b0\/gi\u00e2y<\/div>\n<\/td>\n<\/tr>\n<tr>\n<td>Ph\u1ea1m vi chuy\u1ec3n \u0111\u1ed9ng tr\u1ee5c xoay JT2<\/td>\n<td>\n<div>+95\u00b0\/-46\u00b0<\/div>\n<div>80\u00b0\/gi\u00e2y<\/div>\n<\/td>\n<td>\n<div>+95\u00b0\/-46\u00b0<\/div>\n<div>65\u00b0\/gi\u00e2y<\/div>\n<\/td>\n<\/tr>\n<tr>\n<td>Ph\u1ea1m vi chuy\u1ec3n \u0111\u1ed9ng tr\u1ee5c xoay JT3<\/td>\n<td>\n<div>+15\u00b0\/-110\u00b0<\/div>\n<div>80\u00b0\/gi\u00e2y<\/div>\n<\/td>\n<td>\n<div>+15\u00b0\/-110\u00b0<\/div>\n<div>65\u00b0\/gi\u00e2y<\/div>\n<\/td>\n<\/tr>\n<tr>\n<td>Ph\u1ea1m vi chuy\u1ec3n \u0111\u1ed9ng tr\u1ee5c xoay JT4<\/td>\n<td>\n<div>\u00b1360\u00b0<\/div>\n<div>180\u00b0\/gi\u00e2y<\/div>\n<\/td>\n<td>\n<div>\u00b1360\u00b0<\/div>\n<div>170\u00b0\/gi\u00e2y<\/div>\n<\/td>\n<\/tr>\n<tr>\n<td>T\u1ea3i tr\u1ecdng l\u00e0m vi\u1ec7c(max)<\/td>\n<td>500kg<\/td>\n<td>700kg<\/td>\n<\/tr>\n<tr>\n<td>Kh\u1ea3 n\u0103ng x\u1ebfp ch\u1ed3ng<\/td>\n<td>1.000 chu k\u1ef3\/gi\u1edd<\/td>\n<td>900 chu k\u1ef3\/gi\u1edd<\/td>\n<\/tr>\n<tr>\n<td>\u0110\u1ed9 sai l\u1ec7ch<\/td>\n<td colspan=\"2\">\u00b1 0,5mm<\/td>\n<\/tr>\n<tr>\n<td>Tr\u1ecdng l\u01b0\u1ee3ng<\/td>\n<td>1.650 kg<\/td>\n<td>1.650 kg<\/td>\n<\/tr>\n<tr>\n<td>V\u1ecb tr\u00ed l\u1eafp \u0111\u1eb7t<\/td>\n<td colspan=\"2\">S\u00e0n nh\u00e0 ho\u1eb7c gi\u00e1 \u0111\u1ee1 c\u1ed1 \u0111\u1ecbnh<\/td>\n<\/tr>\n<tr>\n<td>M\u00f4i tr\u01b0\u1eddng l\u1eafp \u0111\u1eb7t<\/td>\n<td colspan=\"2\">\n<div>Nhi\u1ec7t \u0111\u1ed9: 0 &#8211; 45\u00b0C<\/div>\n<div>\u0110\u1ed9 \u1ea9m: 38 &#8211; 85% RH (Trong \u0111i\u1ec1u ki\u1ec7n kh\u00f4ng c\u00f3 s\u01b0\u01a1ng gi\u00e1, tuy\u1ebft)<\/div>\n<\/td>\n<\/tr>\n<\/tbody>\n<\/table>\n<\/div>\n","protected":false},"excerpt":{"rendered":"<p>Robot x\u1ebfp g\u1ea1ch t\u1ef1 \u0111\u1ed9ng h\u00f3a Kawasaki Japan C\u00f4ng ty TNHH Luy\u1ec7n Kim l\u00e0 nh\u00e0 ph\u00e2n ph\u1ed1i tr\u1ef1c ti\u1ebfp robot c\u1ee7a t\u1eadp \u0111o\u00e0n Kawasaki Nh\u1eadt B\u1ea3n t\u1ea1i Vi\u1ec7t Nam. \u0110\u1eb7c \u0111i\u1ec3m n\u1ed5i b\u1eadt robot x\u1ebfp g\u1ea1ch Kawasaki Japan Ti\u1ebft ki\u1ec7m n\u0103ng l\u01b0\u1ee3ng. Ph\u1ea1m vi chuy\u1ec3n \u0111\u1ed9ng r\u1ed9ng. \u0110a d\u1ea1ng m\u1eabu m\u00e3 ph\u00f9 h\u1ee3p v\u1edbi nhi\u1ec1u [&#8230;]\n","protected":false},"featured_media":130,"comment_status":"open","ping_status":"closed","template":"","meta":{"om_disable_all_campaigns":false,"_monsterinsights_skip_tracking":false,"_monsterinsights_sitenote_active":false,"_monsterinsights_sitenote_note":"","_monsterinsights_sitenote_category":0,"_uf_show_specific_survey":0,"_uf_disable_surveys":false},"product_cat":[21],"product_tag":[],"aioseo_notices":[],"jetpack_sharing_enabled":true,"_links":{"self":[{"href":"https:\/\/luyenkim.com.vn\/index.php\/wp-json\/wp\/v2\/product\/170"}],"collection":[{"href":"https:\/\/luyenkim.com.vn\/index.php\/wp-json\/wp\/v2\/product"}],"about":[{"href":"https:\/\/luyenkim.com.vn\/index.php\/wp-json\/wp\/v2\/types\/product"}],"replies":[{"embeddable":true,"href":"https:\/\/luyenkim.com.vn\/index.php\/wp-json\/wp\/v2\/comments?post=170"}],"wp:featuredmedia":[{"embeddable":true,"href":"https:\/\/luyenkim.com.vn\/index.php\/wp-json\/wp\/v2\/media\/130"}],"wp:attachment":[{"href":"https:\/\/luyenkim.com.vn\/index.php\/wp-json\/wp\/v2\/media?parent=170"}],"wp:term":[{"taxonomy":"product_cat","embeddable":true,"href":"https:\/\/luyenkim.com.vn\/index.php\/wp-json\/wp\/v2\/product_cat?post=170"},{"taxonomy":"product_tag","embeddable":true,"href":"https:\/\/luyenkim.com.vn\/index.php\/wp-json\/wp\/v2\/product_tag?post=170"}],"curies":[{"name":"wp","href":"https:\/\/api.w.org\/{rel}","templated":true}]}}