{"id":215,"date":"2024-03-20T04:40:59","date_gmt":"2024-03-20T04:40:59","guid":{"rendered":"https:\/\/luyenkim.com.vn\/?post_type=product&#038;p=215"},"modified":"2026-02-24T23:07:15","modified_gmt":"2026-02-24T23:07:15","slug":"may-can","status":"publish","type":"product","link":"https:\/\/luyenkim.com.vn\/index.php\/product\/may-can\/","title":{"rendered":"M\u00e1y c\u00e1n"},"content":{"rendered":"","protected":false},"excerpt":{"rendered":"<p>\u01afu \u0111i\u1ec3m c\u1ee7a m\u00e1y: L\u1edbp v\u1ecf b\u1ecdc b\u00ean ngo\u00e0i qu\u1ea3 l\u00f4 c\u00e1n c\u00f3 \u0111\u1ed9 c\u1ee9ng cao, tr\u1ecdng l\u01b0\u1ee3ng l\u1edbn, g\u00f3c v\u00e0o li\u1ec7u nh\u1ecf, d\u00f9ng \u0111\u1ec3 \u0111\u00f9n v\u00e0 c\u00e1n nhuy\u1ec5n m\u1ecbn nguy\u00ean li\u1ec7u, s\u1ea3n l\u01b0\u1ee3ng l\u1edbn, n\u00e2ng cao \u0111\u1ed9 d\u1ebbo nguy\u00ean li\u1ec7u, gi\u1ea3m b\u1edbt t\u1ef7 l\u1ec7 ph\u1ebf ph\u1ea9m, \u0111\u1ea3m b\u1ea3o ch\u1ea5t l\u01b0\u1ee3ng cho c\u00e1c lo\u1ea1i g\u1ea1ch l\u1ed7 th\u00e0nh m\u1ecfng.<\/p>\n","protected":false},"featured_media":214,"comment_status":"open","ping_status":"closed","template":"","meta":{"om_disable_all_campaigns":false,"_monsterinsights_skip_tracking":false,"_monsterinsights_sitenote_active":false,"_monsterinsights_sitenote_note":"","_monsterinsights_sitenote_category":0,"_uf_show_specific_survey":0,"_uf_disable_surveys":false},"product_cat":[22],"product_tag":[],"aioseo_notices":[],"jetpack_sharing_enabled":true,"_links":{"self":[{"href":"https:\/\/luyenkim.com.vn\/index.php\/wp-json\/wp\/v2\/product\/215"}],"collection":[{"href":"https:\/\/luyenkim.com.vn\/index.php\/wp-json\/wp\/v2\/product"}],"about":[{"href":"https:\/\/luyenkim.com.vn\/index.php\/wp-json\/wp\/v2\/types\/product"}],"replies":[{"embeddable":true,"href":"https:\/\/luyenkim.com.vn\/index.php\/wp-json\/wp\/v2\/comments?post=215"}],"wp:featuredmedia":[{"embeddable":true,"href":"https:\/\/luyenkim.com.vn\/index.php\/wp-json\/wp\/v2\/media\/214"}],"wp:attachment":[{"href":"https:\/\/luyenkim.com.vn\/index.php\/wp-json\/wp\/v2\/media?parent=215"}],"wp:term":[{"taxonomy":"product_cat","embeddable":true,"href":"https:\/\/luyenkim.com.vn\/index.php\/wp-json\/wp\/v2\/product_cat?post=215"},{"taxonomy":"product_tag","embeddable":true,"href":"https:\/\/luyenkim.com.vn\/index.php\/wp-json\/wp\/v2\/product_tag?post=215"}],"curies":[{"name":"wp","href":"https:\/\/api.w.org\/{rel}","templated":true}]}}